u**2 + 8*u + 92. Let p(j) = j**2 + j - 15. Let d be p(0). List the prime factors of a(d).
2, 211
Let n be (4/(-3))/((-22)/(-759)). Let g = n + 43. What are the prime factors of 2/(-8) - ((-1455)/12 + g)?
2, 31
Suppose 6*r = 3822 + 1338. Let a = 1811 - r. What are the prime factors of a?
3, 317
Let k(c) be the second derivative of c**5/5 - c**4/2 - 5*c**3/6 + 3*c**2 - 68*c. List the prime factors of k(6).
2, 3, 13
Let o(a) = 426*a**3 + 3*a**2 - 5*a + 8. Let v be o(4). Suppose -74*m + 59*m = -v. What are the prime factors of m?
2, 5, 7, 13
Let k(r) = -56*r - 951. List the prime factors of k(-26).
5, 101
Let o(s) be the second derivative of 7*s**5/60 + 5*s**3/2 - 11*s**2 + 7*s. Let p(y) be the first derivative of o(y). What are the prime factors of p(-4)?
127
Suppose -2991238 = -272*p + 7678778. What are the prime factors of p?
2, 3, 7, 467
Let u(t) = 4*t**3 - 9*t**2 + 88*t - 656. List the prime factors of u(8).
2, 5, 19
Let x(q) = -2*q**2 + q + 27. Let g be x(0). Suppose -4*o = -13*o + g. Suppose -120 = -5*z - 4*a - 18, -5*z = -o*a - 116. List the prime factors of z.
2, 11
Suppose -3*h + 576 = 13*h. List the prime factors of (h - 32)/(147/146 - 1).
2, 73
Let t be 9266 - 4 - (-8)/4. Suppose 1992 + t = 8*m. Suppose 0 = 2*o - 3*q - 572, 0*q - m = -5*o - 4*q. What are the prime factors of o?
283
Let w be 10/4 + 6/4. Suppose 0 = 2*s + 2*i - 1718, w*i = -5*s - 1165 + 5461. List the prime factors of s.
2, 5, 43
Suppose 2*n + 77 = -p, 5*n - p = -0*n - 175. Let g = n - -57. Suppose g = 2*a - 31. List the prime factors of a.
2, 13
Suppose 176333 = -18*t + 701015. List the prime factors of t.
103, 283
What are the prime factors of (99 - 90) + (0 - 1) + 39865?
3, 13291
Let q be 176/(-4)*3/(-6). Let i(t) = -12*t**3 - 14*t**3 + 9 + t + q*t**3 - 2*t**2. What are the prime factors of i(-3)?
2, 3
Let m = -4090 + 8031. What are the prime factors of 1/(4 - m/987)?
3, 47
Suppose 1533*a - 1537*a + 12 = 0. Suppose -1372 = -a*s + 1715. List the prime factors of s.
3, 7
Suppose -i = 107 + 28. Let v be 9/(i/(-140)) + 3/(-9). Suppose v*z - 6*z - 555 = 0. What are the prime factors of z?
5, 37
Let q(s) = s**2 + 1. Let h = 43 - 46. Let k be q(h). Suppose 3*j = -n + 444, 122 = j - 5*n - k. List the prime factors of j.
3, 7
Let r = 344 + -342. List the prime factors of ((-1)/r)/(6/(-996)).
83
Suppose 0 = 2*z + z - 2*g - 5472, -5*z + 3*g = -9120. Suppose -93*t + 95*t = z. What are the prime factors of t?
2, 3, 19
Let d(i) = 35*i**2 + 8*i + 3. Let y be d(-3). Suppose -y + 888 = 9*t. Suppose -5*w = 2*p - 295, -5*w = -p - 244 - t. List the prime factors of w.
61
Suppose 0 = 4*u + t - 20 - 319, 0 = 2*u + 5*t - 183. Suppose u + 46 = 5*x. Suppose -s = -140 + x. What are the prime factors of s?
2, 3, 19
Suppose -7*h + m + 11417 = -2*h, -2*h - 3*m = -4577. What are the prime factors of h?
2, 571
Suppose 0 = -14*a + 3255 + 19103. Suppose -1591*l - 5268 = -a*l. What are the prime factors of l?
2, 439
Let q(h) be the second derivative of 4/3*h**3 + 1/12*h**4 + 18*h - 1/2*h**2 + 0. What are the prime factors of q(7)?
2, 13
Let l(b) = 11*b - 63. Let y be l(6). Suppose -7*v + 314 = 4*g - 5*v, y*g + 3*v = 228. List the prime factors of g.
3
Let j = -2139 + 6645. List the prime factors of j.
2, 3, 751
Let i be -5 + 277*(7 - 5 - -4). Let z = i - -310. What are the prime factors of z?
7, 281
List the prime factors of 3/30*28746 - 106/(-265).
5, 23
Suppose 43*h = 228*h + 309*h - 18498818. What are the prime factors of h?
37447
Let k = -19412 + 35140. What are the prime factors of k?
2, 983
Let h = -200 - -203. Suppose 2*l - 3660 = -h*l. List the prime factors of l.
2, 3, 61
Suppose -213840 = -38*i + 33*i + 5*c, -2*c + 128289 = 3*i. What are the prime factors of i?
3, 5, 2851
Suppose 1482 = r + s, -s - 2970 = 22*r - 24*r. Let l = -1007 + r. What are the prime factors of l?
3, 53
Let p = -503 - -508. Let r(c) be the first derivative of c**4/4 + 3*c**2/2 + 3*c - 3. What are the prime factors of r(p)?
11, 13
Let p(q) = 253*q**2 + 7*q - 4. Let y = -412 + 410. List the prime factors of p(y).
2, 7, 71
Suppose 39*m + 12*m - 363069 = 0. List the prime factors of m.
3, 7, 113
Suppose -19*v - 203 = -754. Let a(n) = -n**3 + 29*n**2 + 3*n + 35. List the prime factors of a(v).
2, 61
Suppose 18*l - 20*l + 6 = 0. Suppose -l*k + 35 = 4*k. Suppose -t - 113 = -3*g + g, k*g - 5*t = 290. What are the prime factors of g?
5, 11
Suppose -17*o - 57 = -142. Suppose 0 = -p + o*f + 19, 44*f = 2*p + 42*f - 38. What are the prime factors of p?
19
Suppose 0 = -19*d - 112*d + 24335 + 13262. What are the prime factors of d?
7, 41
Suppose -3*v = 250*h - 253*h - 1371, 4*v - 1870 = -2*h. List the prime factors of v.
2, 29
Suppose 0 = -32*y + 34*y - 3530. Suppose 5*u - 3*a = y, -1785 = -8*u + 3*u - a. What are the prime factors of u?
2, 89
Let n be (14/(-6) - -2)/(6/2286). List the prime factors of -4*n*(-2)/(-8).
127
What are the prime factors of (-198)/(12 - 34) + 15239?
2, 953
Suppose -3*y - 5 + 17 = 0. Suppose -11 = -r - 3*w + 131, y*w - 451 = -3*r. List the prime factors of r.
157
Suppose 30*t - 16623 - 68307 = 0. List the prime factors of t.
19, 149
Let t(h) = 790*h - 627. What are the prime factors of t(30)?
3, 7691
Let m(j) = j**2 - 24*j + 69. Let z be m(21). Suppose -z*u = -957 - 1071. List the prime factors of u.
2, 13
Let g = -7196 - -13116. What are the prime factors of g?
2, 5, 37
Let y(x) = -50*x**3 + 15*x**2 + 147*x - 53. What are the prime factors of y(-8)?
73, 347
Let k(l) = 2*l**2 - 153*l - 1799. What are the prime factors of k(-73)?
2, 3, 1669
Let f(x) = 2451*x**3 - 5*x**2 + 35*x - 27. List the prime factors of f(3).
2, 3, 5, 2207
Let l = 3992 - -20589. List the prime factors of l.
47, 523
Suppose 0*k - 3*c + 165 = 4*k, -4*c - 155 = -3*k. Suppose 0 = -k*q + 41*q + 4180. What are the prime factors of q?
5, 11, 19
Suppose 0 = n + n + a + 1, -n - 4*a - 18 = 0. Suppose 5*j + 289 = 2*h, h - 6*h = -n*j - 775. Let k = h + -101. List the prime factors of k.
2, 7
Let c(o) = -6*o**3 + 3*o**2 - o - 4. Let z(s) = s**2 + s. Let t be z(3). Suppose -5*i + p = 6, 4*i = p + 4*p + t. What are the prime factors of c(i)?
2, 29
Suppose -11*o - 6 + 39 = 0. Suppose o*n + 2*d - 295 = 0, 5*n = -2*d + 3*d + 470. What are the prime factors of n?
5, 19
Let j be 5 - -1 - (-3456 + 18/(-3)). Suppose 3*s = m + j, -11*m = -2*s - 14*m + 2323. What are the prime factors of s?
13, 89
Suppose 2582363 + 335098 = 244*l - 31*l. What are the prime factors of l?
13697
Let r be 6/(-11) - (-21308)/22. Let o = 645 + r. List the prime factors of o.
1613
Let l(c) = 3*c**3 + 18*c**2 - 9*c - 3. Let n be (-21)/2*30/(-45). Let b(r) = r**3 - 8*r**2 + 5*r + 8. Let x be b(n). List the prime factors of l(x).
3, 17
Suppose -x - 2*s = -1212, 2*x - 2054 - 395 = s. List the prime factors of x.
2, 13, 47
Let x(c) = -175*c - 20. Let n(f) = -2*f**2 - 9*f - 7. Let v be n(-4). List the prime factors of x(v).
5, 101
Let k(w) be the first derivative of -3 + 21/2*w**2 - 12*w. What are the prime factors of k(3)?
3, 17
Suppose -46*z = -40*z + 1794. Let w = 516 + z. List the prime factors of w.
7, 31
Suppose -5*f = -3 - 7, f = g - 2. List the prime factors of 1/g - 200355/(-148).
2, 677
Let r(l) = 27*l**2 - 136*l + 79. List the prime factors of r(21).
2, 5, 11, 83
Suppose -13*d = -d + 2208. List the prime factors of ((-18)/(-4) - 7)*d.
2, 5, 23
Suppose 0 = 4*p - 12, -7*p - 390 = h - 5*p. Let r = h + 662. List the prime factors of r.
2, 7, 19
Suppose q - 33 = -y, 2*q + y = -75 + 138. Let t be 1*-59*(-2)/(-2). Let v = q - t. What are the prime factors of v?
89
Suppose -4*j = 5*q - 7994, -19*q + 22*q + 2*j - 4796 = 0. What are the prime factors of q?
2, 17, 47
Let q = 65 - 60. Suppose w - 6 = 2*k + q, -5*w + 1 = -k. What are the prime factors of k/4*(-966)/9?
7, 23
Let s(b) = 32474*b + 369. What are the prime factors of s(2)?
7, 31, 43
Suppose -970 = 4*f - 2*d, -4*f - 494 = -2*f + 2*d. Let r = f + 672. List the prime factors of r.
2, 107
Suppose 9*w = -2*w - 13*w + 429624. What are the prime factors of w?
3, 13, 17
Let g = 989 + 270. Suppose 0*k - h + g = 4*k, -4*k = -4*h - 1264. List the prime factors of k.
3, 5, 7
Let b = 31 + -28. Let q be b/(-2) + 18/12. Suppose -21*r + 20*r + 32 = q. List the prime factors of r.
2
Let p(r) be the second derivative of 19*r**4/12 - 4*r**3/3 -